se 12) in base 16?
1492
Convert -416 (base 10) to base 9.
-512
-10001110000 (base 2) to base 13
-695
What is -240 (base 13) in base 15?
-1b0
What is -192c (base 13) in base 8?
-7254
What is 61533 (base 8) in base 6?
313431
What is -161001 (base 7) in base 4?
-13231011
What is -21505 (base 8) in base 2?
-10001101000101
What is 1601 (base 7) in base 2?
1001111110
What is 632 (base 16) in base 15?
70b
-567 (base 15) to base 10
-1222
512000 (base 6) to base 15
c073
What is 1121102001 (base 3) in base 9?
47361
Convert 752 (base 10) to base 7.
2123
-dcc (base 16) to base 12
-2064
What is -221346 (base 7) in base 11?
-27290
Convert -545 (base 12) to base 9.
-1048
Convert -33220 (base 7) to base 5.
-231334
Convert -1011110001010000 (base 2) to base 9.
-73114
What is -6131 (base 14) in base 7?
-66461
Convert -710 (base 8) to base 12.
-320
-250444 (base 6) to base 12
-10a24
146551 (base 7) to base 9
43384
34112 (base 6) to base 3
20120122
-1c5 (base 14) to base 11
-306
467 (base 9) to base 15
1aa
6138 (base 11) to base 14
2d80
645 (base 8) to base 14
221
What is a3b (base 16) in base 6?
20043
10530 (base 8) to base 4
1011120
Convert -110000011 (base 2) to base 12.
-283
Convert -2431 (base 5) to base 14.
-1c2
Convert 1204 (base 6) to base 16.
124
What is 16748 (base 9) in base 16?
2d1a
Convert -1490 (base 12) to base 5.
-34122
Convert 333 (base 12) to base 7.
1242
2282 (base 11) to base 9
4086
Convert -7611 (base 8) to base 7.
-14411
522 (base 8) to base 16
152
What is -113200 (base 4) in base 12?
-a54
Convert -1010100 (base 2) to base 12.
-70
Convert -11334 (base 8) to base 10.
-4828
-1021111 (base 3) to base 10
-931
300 (base 11) to base 5
2423
27772 (base 8) to base 9
17756
-1aa1 (base 12) to base 8
-6331
Convert -3365 (base 9) to base 15.
-b0e
Convert 2984 (base 10) to base 15.
d3e
Convert 1467 (base 9) to base 7.
3151
What is -5408 (base 9) in base 15?
-12a2
What is 737 (base 8) in base 4?
13133
-13984 (base 11) to base 7
-111525
What is -5201 (base 6) in base 14?
-5c5
-131201 (base 6) to base 2
-10111010110001
3525 (base 6) to base 12
5a5
Convert -224041 (base 5) to base 7.
-32246
Convert 53b0 (base 13) to base 2.
10110101110011
Convert -263 (base 11) to base 14.
-183
Convert -11201110 (base 3) to base 12.
-1ba9
What is -25098 (base 13) in base 16?
-10a88
Convert -110 (base 12) to base 10.
-156
Convert 54 (base 15) to base 14.
59
-111110000 (base 2) to base 6
-2144
What is -39222 (base 11) in base 4?
-31231220
-8b2 (base 13) to base 10
-1497
What is -265 (base 15) in base 3?
-202012
What is -2058 (base 11) in base 4?
-222211
What is 7662 (base 10) in base 6?
55250
3102 (base 4) to base 12
156
1613 (base 9) to base 2
10011001011
Convert -29e (base 16) to base 8.
-1236
What is 340 (base 15) in base 7?
2100
49ed (base 16) to base 8
44755
3395 (base 10) to base 15
1015
What is 55251 (base 7) in base 16?
361e
184 (base 12) to base 8
364
What is 2015 (base 11) in base 10?
2678
-16760 (base 13) to base 7
-236243
What is -2102 (base 5) in base 15?
-137
What is -215 (base 10) in base 16?
-d7
Convert 5a1 (base 11) to base 3.
222112
What is 13767 (base 9) in base 14?
35ba
-79a (base 15) to base 13
-a24
What is -928 (base 16) in base 2?
-100100101000
Convert -274 (base 13) to base 2.
-110110001
Convert -110100110 (base 2) to base 11.
-354
Convert -412302 (base 5) to base 3.
-200110020
-445 (base 13) to base 2
-1011011101
Convert dc55 (base 14) to base 4.
21103103
What is 3537 (base 14) in base 13?
42a5
100111010110000 (base 2) to base 16
4eb0
Convert 1b4 (base 12) to base 10.
280
653 (base 14) to base 4
103201
471 (base 13) to base 16
300
What is 203300 (base 5) in base 14?
2628
-10232 (base 4) to base 3
-102012
Convert -1689 (base 12) to base 11.
-2032
Convert -2c0 (base 15) to base 10.
-630
What is 41a4 (base 11) in base 9?
7556
What is 1200022 (base 3) in base 15?
568
Convert -73503 (base 8) to base 7.
-155004
Convert -6672 (base 10) to base 16.
-1a10
Convert -13235 (base 8) to base 13.
-2834
What is -145434 (base 6) in base 15?
-4321
Convert 1102110211 (base 3) to base 7.
144526
-572 (base 13) to base 10
-938
What is 2652 (base 8) in base 6?
10414
What is -21033 (base 5) in base 9?
-1817
Convert 3051 (base 7) to base 12.
749
2434 (base 6) to base 5
4343
Convert 7452 (base 13) to base 7.
65001
4311 (base 5) to base 2
1001000101
-10113 (base 8) to base 5
-113141
9b (base 15) to base 7
266
What is 414 (base 9) in base 8?
521
Convert 100001101 (base 2) to base 14.
153
Convert -27c7a (base 13) to base 8.
-221606
Convert -1122 (base 3) to base 15.
-2e
Convert -5606 (base 11) to base 2.
-1110011011011
Convert -224502 (base 6) to base 4.
-10223312
What is 725a (base 12) in base 10?
12454
What is -10410 (base 5) in base 2?
-1011011010
-2103 (base 5) to base 2
-100010110
What is 55250 (base 6) in base 9?
11453
What is 162623 (base 8) in base 14?
175bd
Convert -234222 (base 6) to base 10.
-20390
Convert -a726 (base 16) to base 13.
-16627
-6530 (base 7) to base 6
-14432
What is -20322 (base 5) in base 14?
-6b7
9420 (base 16) to base 2
1001010000100000
2d2 (base 14) to base 7
1452
21228 (base 12) to base 2
1010101000000000
586 (base 10) to base 7
1465
Convert -379 (base 16) to base 6.
-4041
Convert -402021 (base 6) to base 12.
-16311
What is 122003 (base 4) in base 11?
1286
What is -28b0 (base 13) in base 10?
-5889
61dc (base 14) to base 15
4ed9
What is 5272 (base 11) in base 6?
52144
-5140 (base 6) to base 2
-10001110100
What is b3 (base 12) in base 15?
90
Convert 2233103 (base 4) to base 11.
847a
-2022011 (base 3) to base 14
-87c
Convert -510 (base 15) to base 7.
-3216
-52078 (base 9) to base 3
-1202002122
What is -107a (base 11) in base 2?
-10110001010
What is 2477 (base 10) in base 9?
3352
-6055 (base 8) to base 3
-11021110
Convert 39818 (base 11) to base 3.
2220001000
-185 (base 16) to base 14
-1db
What is -194a1 (base 11) in base 7?
-142226
Convert 10010100000101 (base 2) to base 8.
22405
4b2 (base 16) to base 9
1575
What is -817 (base 14) in base 3?
-2011212
-2251 (base 9) to base 8
-3202
cab (base 15) to base 8
5455
Convert -101101121 (base 3) to base 8.
-16630
Convert 2031 (base 4) to base 9.
166
What is -588a (base 14) in base 11?
-1063a
Convert -50024 (base 6) to base 12.
-3914
What is -2596 (base 14) in base 2?
-1100111001000
What is 21021022 (base 3) in base 5?
132200
2b54 (base 16) to base 9
16184
Convert 10d (base 14) to base 7.
416
Convert 301 (base 10) to base 14.
177
What is -31260 (base 7) in base 15?
-2426
-4a7 (base 12) to base 8
-1277
1113330 (base 4) to base 2
1010111111100
Convert 4553 (base 7) to base 12.
b5b
Convert -17184 (base 13) to base 9.
-66580
What is -364 (base 9) in base 8?
-455
What is 1130 (base 8) in base 11?
4a6
What is -48bd (base 14) in base 8?
-30647
-65135 (base 7) to base 15
-4beb
What is -38071 (base 10) in base 8?
-112267
-688 (base 9) to base 11
-475
What is 4d31 (base 16) in base 11?
13935
34 (base 14) to base 9
51
What is -b1 (base 14) in base 15?
-a5
Convert 132436 (base 9) to base 2.
10011101010100011
What is 1113201 (base 4) in base 15?
19d6
What is 370 (base 16) in base 14?
46c
What is -27616 (base 11) in base 7?
-222462
160c (base 16) to base 7
22312
What is -1011000 (base 3) in base 4?
-31011
What is 27658 (base 9) in base 7?
105464
Convert 712 (base 13) to base 12.
83a
-15463 (base 8) to base 7
-26205
-435130 (base 6) to base 14
-d246
-3553 (base 10) to base 7
-13234
18786 (base 9) to base 5
404123
Convert c08 (base 16) to base 4.
300020
-11110100000 (base 2) to base 14
-9d6
What is 526 (base 9) in base 14?
229
Convert -1a07 (base 13) to base 3.
-12100020
-221452 (base 7) to base 14
-102d2
Convert -582 (base 11) to base 10.
-695
What is 17293 (base 11) in base 10?
24302
-2250 (base 10) to base 11
-1766
Convert -c9d7 (base 14) to base 7.
-203460
620 (base 8) to base 4
12100
What is 274 (base 9) in base 11?
199
Convert -332 (base 9) to base 11.
-228
7569 (base 13) to base 4
3332313
Convert -11110100010001 (base 2) to base 3.
-210110000
1111101101 (base 2) to base 13
5c4
Convert -470 (base 15) to base 9.
-1336
What is 127 (base 15) in base 12?
19a
What is 10001110101111011 (base 2) in base 7?
423033
153212 (base 7) to base 3
1112002012
Convert -3597 (base 12) to base 10.
-6019
Convert 229 (base 14) to base 5.
32